nds digit of c?
2
What is the thousands digit of (-54 - (-1 - -5))*544/(-16)?
1
Let s = -386 + 389. Suppose -g = -4, y + g - 3056 = -s*y. What is the hundreds digit of y?
7
Suppose -8*j + 6 = -18. Suppose -3*h = -7*h + j*s + 1334, -341 = -h - 3*s. What is the tens digit of h?
3
Suppose -5*v - 9*z = -4*z + 8255, 0 = 5*v + 3*z + 8253. Let k = v - -2538. What is the units digit of k?
8
Let s(f) = -2*f - 3. Let r be s(-11). Suppose -644 = -r*o + 12*o. Let b = o + -67. What is the units digit of b?
5
Let q be ((-8)/(-20))/((-1)/(-5)*1). Let k be (9/6)/(q/36). What is the units digit of (4/6)/(2/k)?
9
Suppose 38*q - 54*q - 128 = 0. Let r(b) = b**3 - 5 - b - 2*b + 18*b**2 + 7*b - 7*b**2. What is the units digit of r(q)?
5
Suppose -16*c = 900 + 4076. Let p = c + 1598. What is the thousands digit of p?
1
Let y(i) = -417*i - 18. Let w be y(-3). Let b = -1797 + w. What is the units digit of ((-4)/8)/(2/b)?
1
Let k(h) = 3*h**2 + 24. Suppose 2*m - 13 = a, 5*a + 0 + 23 = 4*m. What is the units digit of k(m)?
1
Let w(t) = -4*t + 191. Let k be w(12). Suppose -i = -a - k, 435 = 3*i + 3*a - 0*a. What is the units digit of i?
4
Let z(h) = 5*h**2 - 7*h - 253. Let x(j) = -3*j**2 + 3*j + 127. Let n(s) = -5*x(s) - 2*z(s). What is the hundreds digit of n(-10)?
3
Let x(s) = -s**3 + 3*s**2 + 9*s + 3. Let l be 1*-2*(-3 - -5). Let n be -7 - (-5 - (l + 2)). What is the units digit of x(n)?
9
Let q be 174/9 - (-2)/3. Let y(d) = d**3 - 20*d**2 + 8*d - 30. What is the units digit of y(q)?
0
Suppose 6*g - 34 = 2. Let n(v) = 31 + 2*v - g - 16*v. What is the tens digit of n(-12)?
9
Suppose 2*l - 26093 - 23951 = 2*g, 0 = 5*l - 4*g - 125110. What is the thousands digit of l?
5
Let z be (-750)/110 - 4/22. Let j be 18/(z + 1) + 0/(-1). What is the tens digit of (-214)/3*j/2?
0
Suppose -20*d + 70 = -13*d. What is the hundreds digit of 5464/d + 0 - (-44)/(-110)?
5
Suppose -15*h + 17*h = -2*v + 131600, -4*h - 2*v + 263202 = 0. What is the ten thousands digit of h?
6
Let y(o) = 16 + 14*o - 2*o**2 + o**3 + 4*o**2 - 2*o**2 + 7*o**2. Let i be y(-5). What is the units digit of (220/33)/(i/(-30))?
0
Suppose -w = 3*d + 169, -d = -6*d + 3*w - 277. Let x = d - -56. Suppose -3*s - u = -0*u - 345, 3*u = x. What is the hundreds digit of s?
1
Suppose -i + 0*i = q - 442, 0 = -3*q - 5*i + 1320. Let u = -127 + -149. Let f = q + u. What is the hundreds digit of f?
1
Suppose 102 = 5*x + 4*t, 3*x = -4*t - 36 + 94. Suppose -11*z = -x*z + 3729. What is the tens digit of z?
3
Suppose 0 = -p - 7*p - 24. Let t(d) = -21*d - 2. Let g(k) = 22*k + 1. Let c(m) = p*g(m) - 4*t(m). What is the tens digit of c(3)?
5
Let k be (-2 - 9/(-5)) + 203/(-35). Let w = 65 - 147. What is the units digit of 5/15 + w/k?
4
Let p(c) = 7*c**2 - 2*c - 22. Let t be p(-9). Suppose -3*j + 379 = i, 2*j = 4*i - 897 - t. What is the tens digit of i?
6
Suppose j + 3 = 0, -3*k + 4*j + 32 - 8 = 0. Suppose 0 = -4*o + 2*o - 4*r, 2*o = k*r. Suppose 12*i - 14*i + 222 = o. What is the hundreds digit of i?
1
Suppose -8*g = 122 + 270. Let u(m) = -m**3 + 4*m - 5. Let z be u(5). Let t = g - z. What is the units digit of t?
1
Suppose -s + 6*s - 165 = 0. Suppose -s*y + 1003 = -6587. What is the units digit of y?
0
What is the thousands digit of (-22)/121 - ((-1)/22)/(9/11951514)?
0
Let u(n) = 4 - 4*n**2 + 4*n**2 - n**2 + 0*n - 8*n. Let y be u(-9). Let j(p) = 6*p**2 + 6*p - 9. What is the hundreds digit of j(y)?
1
Let z = -4959 - -8873. Suppose -u + 1320 = -z. Suppose -16*x + u = 1442. What is the units digit of x?
7
Suppose 0 = 6*r - 3*r - 15. Suppose r = 6*u - 13. Suppose 7 = -u*i + 10. What is the units digit of i?
1
Let m be (-2 - -8) + 8*1/(-2). Suppose m*l = 192 + 2012. What is the thousands digit of l?
1
Let v(y) = 1250*y + 1147. What is the tens digit of v(5)?
9
Let r(s) = s + 9. Let z = -40 + 26. Let j be r(z). What is the tens digit of -1 - (-1 - -381)/j?
7
Let j(q) = -q**3 - 5*q**2 + 13*q. Let n be j(-7). What is the hundreds digit of (0 + -1)/(n + (-5115)/730)?
1
Suppose 70 - 40 = -10*k. Let d(a) = 45*a**2 - 9*a - 7. What is the tens digit of d(k)?
2
Suppose -17*m + 3*p + 60000 = -14*m, 0 = 4*m - p - 79985. What is the thousands digit of m?
9
Let c = -19116 + 34009. Suppose 31*o = c + 24663. What is the hundreds digit of o?
2
Let d = 120 + -60. Let w = d - 57. Suppose 4*v + 0*u = -5*u + 166, -w*v + u = -134. What is the tens digit of v?
4
Suppose 5*k = 3*j + 1100, 0 = 6*k - 2*k + 2*j - 880. What is the units digit of (4/24*9)/(2/k)?
5
Let b = 27 + -160. Let r be ((-2125)/(-100))/(-17)*1*208. Let p = b - r. What is the units digit of p?
7
Let u(l) = l - 27. Let b be u(9). Let i be 12649/(-63) + 4/b. What is the tens digit of (i/6)/((-1)/2)?
6
Let h(d) = 67*d**2 + 44*d + 24. Let r be h(-10). Suppose -26*j + 27646 + r = 0. What is the hundreds digit of j?
3
Let t = 91921 + -46237. What is the thousands digit of t?
5
Let d be -62*1*(-5 + 4/8). What is the tens digit of -2 + (d - (-4 + 8))?
7
Let n(t) = 14*t**2 + 11*t - 31. Let h be n(7). Let i = -439 + h. What is the tens digit of i?
9
Let d(i) = 1402*i**2 + 142*i - 761. What is the tens digit of d(5)?
9
Suppose -3*i = -5*q - i + 12622, 0 = 4*q + 3*i - 10093. What is the tens digit of q?
2
Let c be (-2)/(-4) + (-4 - (-75)/10). Suppose -c*a = -5*x + 3*x + 10, 0 = -a - 5*x + 3. What is the tens digit of a/3 - ((-1600)/12)/2?
6
Let j be (0 + 450)*-4*1/(-6). Let n = 534 - j. Suppose 6*o = 12*o - n. What is the units digit of o?
9
Let h = 17 + -45. Let q be (h/70)/((-1)/55). Suppose z = f - 2*f + 8, 4*f = -2*z + q. What is the units digit of z?
5
Suppose -73*o - 30300 = -76*o. What is the hundreds digit of o?
1
What is the hundreds digit of (11911 - -219)/((-2)/(-5))?
3
Suppose 26*g - 77 = 1. Suppose 3*y - 4081 = 2*k, -g*y + 5*k + 4076 = 4*k. What is the units digit of y?
7
What is the units digit of ((8/10)/4)/(24/360) + 5401?
4
Suppose -190*z - 116*z + 71*z = -3374835. What is the hundreds digit of z?
3
Let d(u) = -4*u + 3*u**2 - 8 + 4*u**2 + 0*u**2. Let i(g) = -2*g**2 - 32*g + 30. Let f be i(-17). What is the tens digit of d(f)?
2
Let t be 1*(0 - -1 - (5 + 2)). Let z = t - -3. What is the tens digit of (8/z + 2/(-3))*-18?
6
Let o = 12821 + -8975. What is the thousands digit of o?
3
Suppose 41834 = 3*t + 5*h, -198*t + 197*t - 4*h + 13933 = 0. What is the thousands digit of t?
3
Suppose 6*j + 4*w - 101400 = 0, -5*w - 43823 = -3*j + 6856. What is the tens digit of j?
9
Let z = 42166 - 67587. What is the units digit of 8/36 - z/99?
7
Suppose -4*b + 4*q + 48 = 0, -5*b + 0*b + q = -48. Let m be (-6)/b + 628/6. Let h = m + -56. What is the tens digit of h?
4
What is the units digit of (2 - -369)*((-1746)/(-441))/((-9)/(-189))?
6
Let y = 34 + -117. Let q = 125 + y. Suppose -4*r + q + 210 = 0. What is the units digit of r?
3
Suppose -t - 3*m = -15, t + 3*t + 4*m = 20. Suppose 3*y - 2*h + 17 = t, 4 + 0 = -y - h. Let x = y + 83. What is the units digit of x?
8
Let l(f) = -201*f**3 - 38*f**2 - 12*f - 7. What is the ten thousands digit of l(-4)?
1
Let v = -403 - -1840. Suppose 3*u = -3*r + 975, 5*r - 4*u - 224 - v = 0. What is the hundreds digit of r?
3
Suppose 18 = 5*h + 3*d - 6, -d + 28 = 5*h. Let i be (h - 5)/(2/28 + 0). Suppose -11*c + i*c - 117 = 0. What is the tens digit of c?
3
Let g = -221 + 323. Suppose d - 7*d + g = 0. Suppose d = -5*l + 152. What is the tens digit of l?
2
Let n be ((-4)/(-10))/(((-24)/4)/(-14940)). Suppose 4*b - 18*h + 14*h - 1028 = 0, 4*b = -4*h + n. What is the hundreds digit of b?
2
What is the units digit of 44350/40 - (-8)/(-160)*-5?
9
What is the tens digit of (2194/8)/(4 - (-252)/(-64))?
8
Let h be 99/(4 - -5) - 8. What is the thousands digit of 2/h - 7646*(-2)/12?
1
Suppose -34*l + 640 = -19998. Let b = 922 - l. What is the tens digit of b?
1
Let x(w) = -w**3 + 3*w**2 + 5*w. Let f be x(4). Let d(s) = 5*s + 10. Let z(h) = h**2 - 14*h - 29. Let u(j) = 8*d(j) + 3*z(j). What is the units digit of u(f)?
3
Suppose 4*d = 4, 0 = -144*j + 149*j + 4*d - 32734. What is the tens digit of j?
4
Suppose 41 = 5*z - 4*y, 3*z + 16 = 5*y + 51. Suppose z*q = 81 - 71. Suppose 72 = q*b + 3*c - 152, -547 = -5*b - c. What is the tens digit of b?
0
Let j(m) = -5*m**3 + 16*m**2 + 29*m + 29. What is the thousands digit of j(-11)?
8
Suppose 4*u = l + 13, 2*u = 3*u + 4*l + 1. Suppose 0 = -u*t - t + 